{"id":31,"date":"2022-12-13T14:27:47","date_gmt":"2022-12-13T14:27:47","guid":{"rendered":"https:\/\/xn--gestt-forstwald-2vb.de\/?page_id=31"},"modified":"2024-05-02T07:18:14","modified_gmt":"2024-05-02T07:18:14","slug":"fuehranlage","status":"publish","type":"page","link":"https:\/\/xn--gestt-forstwald-2vb.de\/?page_id=31","title":{"rendered":"F\u00fchranlage"},"content":{"rendered":"\n<div class=\"wp-block-columns is-layout-flex wp-container-core-columns-is-layout-1 wp-block-columns-is-layout-flex\">\n<div class=\"wp-block-column is-layout-flow wp-block-column-is-layout-flow\">\n<p>Unsere \u00fcberdachte F\u00fchranlage im Gest\u00fct Forstwald verf\u00fcgt \u00fcber 8 Pl\u00e4tze mit einem Durchmesser von 20m. Selbst bei schlechtem Wetter k\u00f6nnen Sie Ihre Pferde hier in Bewegung halten und f\u00fcr ihre Fitness sorgen.<\/p>\n<\/div>\n\n\n\n<div class=\"wp-block-column is-layout-flow wp-block-column-is-layout-flow\"><figure class=\"wp-block-post-featured-image\"><img loading=\"lazy\" decoding=\"async\" width=\"2560\" height=\"1920\" src=\"https:\/\/xn--gestt-forstwald-2vb.de\/wp-content\/uploads\/2024\/05\/2024-05-01-15.36-3-scaled.jpg\" class=\"attachment-post-thumbnail size-post-thumbnail wp-post-image\" alt=\"\" style=\"object-fit:cover;\" srcset=\"https:\/\/xn--gestt-forstwald-2vb.de\/wp-content\/uploads\/2024\/05\/2024-05-01-15.36-3-scaled.jpg 2560w, https:\/\/xn--gestt-forstwald-2vb.de\/wp-content\/uploads\/2024\/05\/2024-05-01-15.36-3-300x225.jpg 300w, https:\/\/xn--gestt-forstwald-2vb.de\/wp-content\/uploads\/2024\/05\/2024-05-01-15.36-3-1024x768.jpg 1024w, https:\/\/xn--gestt-forstwald-2vb.de\/wp-content\/uploads\/2024\/05\/2024-05-01-15.36-3-2000x1500.jpg 2000w\" sizes=\"100vw\" \/><\/figure><\/div>\n<\/div>\n","protected":false},"excerpt":{"rendered":"<p>Unsere \u00fcberdachte F\u00fchranlage im Gest\u00fct Forstwald verf\u00fcgt \u00fcber 8 Pl\u00e4tze mit einem Durchmesser von 20m. Selbst bei schlechtem Wetter k\u00f6nnen Sie Ihre Pferde hier in Bewegung halten und f\u00fcr ihre Fitness sorgen.<\/p>\n","protected":false},"author":1,"featured_media":168,"parent":0,"menu_order":0,"comment_status":"closed","ping_status":"closed","template":"","meta":{"footnotes":""},"_links":{"self":[{"href":"https:\/\/xn--gestt-forstwald-2vb.de\/index.php?rest_route=\/wp\/v2\/pages\/31"}],"collection":[{"href":"https:\/\/xn--gestt-forstwald-2vb.de\/index.php?rest_route=\/wp\/v2\/pages"}],"about":[{"href":"https:\/\/xn--gestt-forstwald-2vb.de\/index.php?rest_route=\/wp\/v2\/types\/page"}],"author":[{"embeddable":true,"href":"https:\/\/xn--gestt-forstwald-2vb.de\/index.php?rest_route=\/wp\/v2\/users\/1"}],"replies":[{"embeddable":true,"href":"https:\/\/xn--gestt-forstwald-2vb.de\/index.php?rest_route=%2Fwp%2Fv2%2Fcomments&post=31"}],"version-history":[{"count":3,"href":"https:\/\/xn--gestt-forstwald-2vb.de\/index.php?rest_route=\/wp\/v2\/pages\/31\/revisions"}],"predecessor-version":[{"id":169,"href":"https:\/\/xn--gestt-forstwald-2vb.de\/index.php?rest_route=\/wp\/v2\/pages\/31\/revisions\/169"}],"wp:featuredmedia":[{"embeddable":true,"href":"https:\/\/xn--gestt-forstwald-2vb.de\/index.php?rest_route=\/wp\/v2\/media\/168"}],"wp:attachment":[{"href":"https:\/\/xn--gestt-forstwald-2vb.de\/index.php?rest_route=%2Fwp%2Fv2%2Fmedia&parent=31"}],"curies":[{"name":"wp","href":"https:\/\/api.w.org\/{rel}","templated":true}]}}