{"id":19,"date":"2022-12-13T14:26:20","date_gmt":"2022-12-13T14:26:20","guid":{"rendered":"https:\/\/xn--gestt-forstwald-2vb.de\/?page_id=19"},"modified":"2024-05-02T07:15:44","modified_gmt":"2024-05-02T07:15:44","slug":"weiden","status":"publish","type":"page","link":"https:\/\/xn--gestt-forstwald-2vb.de\/?page_id=19","title":{"rendered":"Weiden"},"content":{"rendered":"\n<div class=\"wp-block-columns is-layout-flex wp-container-core-columns-is-layout-1 wp-block-columns-is-layout-flex\">\n<div class=\"wp-block-column is-layout-flow wp-block-column-is-layout-flow\">\n<p>Genie\u00dfen Sie die Weiten unserer gepflegten Weiden im Gest\u00fct Forstwald! Jede Weide ist mit Wasserbeh\u00e4ltern ausgestattet, damit Ihre Pferde stets Zugang zu frischem Wasser haben. Unsere Weiden bieten ausreichend Platz und frisches Gras f\u00fcr Stuten- und Wallachherden, damit Ihre Pferde sich frei bewegen und grasen k\u00f6nnen.<\/p>\n<\/div>\n\n\n\n<div class=\"wp-block-column is-layout-flow wp-block-column-is-layout-flow\"><figure class=\"wp-block-post-featured-image\"><img loading=\"lazy\" decoding=\"async\" width=\"2560\" height=\"1920\" src=\"https:\/\/xn--gestt-forstwald-2vb.de\/wp-content\/uploads\/2024\/05\/2024-05-01-15.33-scaled.jpg\" class=\"attachment-post-thumbnail size-post-thumbnail wp-post-image\" alt=\"\" style=\"object-fit:cover;\" srcset=\"https:\/\/xn--gestt-forstwald-2vb.de\/wp-content\/uploads\/2024\/05\/2024-05-01-15.33-scaled.jpg 2560w, https:\/\/xn--gestt-forstwald-2vb.de\/wp-content\/uploads\/2024\/05\/2024-05-01-15.33-300x225.jpg 300w, https:\/\/xn--gestt-forstwald-2vb.de\/wp-content\/uploads\/2024\/05\/2024-05-01-15.33-1024x768.jpg 1024w, https:\/\/xn--gestt-forstwald-2vb.de\/wp-content\/uploads\/2024\/05\/2024-05-01-15.33-2000x1500.jpg 2000w\" sizes=\"100vw\" \/><\/figure><\/div>\n<\/div>\n","protected":false},"excerpt":{"rendered":"<p>Genie\u00dfen Sie die Weiten unserer gepflegten Weiden im Gest\u00fct Forstwald! Jede Weide ist mit Wasserbeh\u00e4ltern ausgestattet, damit Ihre Pferde stets Zugang zu frischem Wasser haben. Unsere Weiden bieten ausreichend Platz und frisches Gras f\u00fcr Stuten- und Wallachherden, damit Ihre Pferde sich frei bewegen und grasen k\u00f6nnen.<\/p>\n","protected":false},"author":1,"featured_media":163,"parent":0,"menu_order":0,"comment_status":"closed","ping_status":"closed","template":"","meta":{"footnotes":""},"_links":{"self":[{"href":"https:\/\/xn--gestt-forstwald-2vb.de\/index.php?rest_route=\/wp\/v2\/pages\/19"}],"collection":[{"href":"https:\/\/xn--gestt-forstwald-2vb.de\/index.php?rest_route=\/wp\/v2\/pages"}],"about":[{"href":"https:\/\/xn--gestt-forstwald-2vb.de\/index.php?rest_route=\/wp\/v2\/types\/page"}],"author":[{"embeddable":true,"href":"https:\/\/xn--gestt-forstwald-2vb.de\/index.php?rest_route=\/wp\/v2\/users\/1"}],"replies":[{"embeddable":true,"href":"https:\/\/xn--gestt-forstwald-2vb.de\/index.php?rest_route=%2Fwp%2Fv2%2Fcomments&post=19"}],"version-history":[{"count":4,"href":"https:\/\/xn--gestt-forstwald-2vb.de\/index.php?rest_route=\/wp\/v2\/pages\/19\/revisions"}],"predecessor-version":[{"id":164,"href":"https:\/\/xn--gestt-forstwald-2vb.de\/index.php?rest_route=\/wp\/v2\/pages\/19\/revisions\/164"}],"wp:featuredmedia":[{"embeddable":true,"href":"https:\/\/xn--gestt-forstwald-2vb.de\/index.php?rest_route=\/wp\/v2\/media\/163"}],"wp:attachment":[{"href":"https:\/\/xn--gestt-forstwald-2vb.de\/index.php?rest_route=%2Fwp%2Fv2%2Fmedia&parent=19"}],"curies":[{"name":"wp","href":"https:\/\/api.w.org\/{rel}","templated":true}]}}